de 3880?
False
Does 15 divide 2166?
False
Is 2689 a multiple of 7?
False
Does 38 divide 1140?
True
Does 3 divide 5994?
True
Does 10 divide 501?
False
Does 103 divide 53251?
True
Is 4 a factor of 238?
False
Does 35 divide 1135?
False
Is 8324 a multiple of 109?
False
Is 25 a factor of 8457?
False
Is 31 a factor of 45621?
False
Does 22 divide 27588?
True
Is 2362 a multiple of 72?
False
Does 57 divide 98667?
True
Is 23 a factor of 4646?
True
Does 5 divide 371?
False
Is 10 a factor of 2686?
False
Does 329 divide 27134?
False
Does 29 divide 13880?
False
Is 257 a factor of 39621?
False
Does 13 divide 429?
True
Is 5640 a multiple of 4?
True
Is 46 a multiple of 30?
False
Does 3 divide 1142?
False
Is 108 a factor of 7683?
False
Does 57 divide 108813?
True
Does 30 divide 654?
False
Is 14610 a multiple of 133?
False
Is 35 a factor of 26202?
False
Is 36 a factor of 924?
False
Is 13 a factor of 2496?
True
Is 75 a factor of 13125?
True
Is 1200 a multiple of 6?
True
Is 10 a factor of 1766?
False
Does 9 divide 10503?
True
Is 799 a multiple of 10?
False
Is 14 a factor of 10037?
False
Does 43 divide 11352?
True
Does 18 divide 2844?
True
Does 30 divide 7770?
True
Is 66 a factor of 34254?
True
Does 36 divide 2577?
False
Is 1605 a multiple of 107?
True
Is 3082 a multiple of 50?
False
Is 8 a factor of 126920?
True
Does 5 divide 185?
True
Does 15 divide 116?
False
Is 13 a factor of 3445?
True
Does 11 divide 261?
False
Is 142 a factor of 6095?
False
Is 12010 a multiple of 80?
False
Is 79618 a multiple of 22?
True
Is 70 a factor of 1050?
True
Is 13757 a multiple of 10?
False
Is 1536 a multiple of 6?
True
Does 42 divide 75852?
True
Is 46 a factor of 325?
False
Is 563 a multiple of 14?
False
Is 36 a factor of 4788?
True
Does 2 divide 60?
True
Does 5 divide 13?
False
Is 9148 a multiple of 20?
False
Is 1231 a multiple of 107?
False
Is 15 a factor of 6969?
False
Is 4515 a multiple of 21?
True
Is 11 a factor of 4180?
True
Does 23 divide 933?
False
Does 33 divide 1287?
True
Is 27 a factor of 1080?
True
Is 910 a multiple of 10?
True
Does 10 divide 6593?
False
Does 123 divide 5742?
False
Is 181662 a multiple of 274?
True
Is 152 a multiple of 4?
True
Does 171 divide 171?
True
Is 44 a factor of 4400?
True
Is 408 a multiple of 12?
True
Is 9871 a multiple of 48?
False
Is 5555 a multiple of 5?
True
Is 2 a factor of 874?
True
Is 6 a factor of 2190?
True
Does 7 divide 32?
False
Does 61 divide 488?
True
Is 19924 a multiple of 68?
True
Is 17 a factor of 2510?
False
Does 86 divide 2838?
True
Is 246 a factor of 18679?
False
Is 58 a factor of 261?
False
Is 16401 a multiple of 15?
False
Does 9 divide 14583?
False
Does 4 divide 280?
True
Does 61 divide 1595?
False
Is 6 a factor of 858?
True
Is 48 a factor of 903?
False
Is 3234 a multiple of 109?
False
Is 1333 a multiple of 4?
False
Is 53 a factor of 267?
False
Does 30 divide 48540?
True
Is 2680 a multiple of 61?
False
Is 59 a factor of 42954?
False
Is 413 a multiple of 95?
False
Is 12 a factor of 13152?
True
Is 1415 a multiple of 49?
False
Is 1026 a multiple of 54?
True
Is 1540 a multiple of 44?
True
Is 485 even?
False
Is 20 a factor of 6540?
True
Is 27124 a multiple of 6?
False
Is 28 a factor of 728?
True
Does 2 divide 354?
True
Is 5093 a multiple of 90?
False
Is 8 a factor of 8400?
True
Does 51 divide 60293?
False
Does 7 divide 2653?
True
Does 9 divide 6055?
False
Is 276 a multiple of 8?
False
Does 4 divide 89?
False
Is 413 a multiple of 7?
True
Is 22 a factor of 3498?
True
Is 23 a factor of 29049?
True
Is 11 a factor of 10696?
False
Is 2787 a multiple of 86?
False
Is 1976 a multiple of 2?
True
Is 364 a multiple of 4?
True
Is 24 a factor of 41712?
True
Does 17 divide 26333?
True
Is 101951 a multiple of 19?
False
Is 8 a factor of 21232?
True
Does 22 divide 228?
False
Is 16 a factor of 24096?
True
Is 28075 a multiple of 45?
False
Does 39 divide 428?
False
Is 154600 a multiple of 12?
False
Is 19 a factor of 10028?
False
Does 9 divide 4725?
True
Does 60 divide 704?
False
Is 361 a multiple of 21?
False
Does 37 divide 5211?
False
Is 3927 a multiple of 19?
False
Is 140607 a multiple of 153?
True
Does 13 divide 1650?
False
Does 29 divide 1513?
False
Is 132 a multiple of 11?
True
Does 22 divide 572?
True
Is 618 a multiple of 103?
True
Does 63 divide 5859?
True
Is 29243 a multiple of 21?
False
Is 153692 a multiple of 499?
True
Is 18 a factor of 5176?
False
Is 2159 a multiple of 11?
False
Is 37 a factor of 68?
False
Is 45279 a multiple of 351?
True
Does 72 divide 2314?
False
Is 1750 a multiple of 14?
True
Is 19 a factor of 1121?
True
Is 14 a factor of 1507?
False
Is 181 a multiple of 15?
False
Does 10 divide 3900?
True
Does 20 divide 28700?
True
Does 12 divide 285?
False
Is 6750 a multiple of 9?
True
Is 1000 a multiple of 8?
True
Is 6 a factor of 10685?
False
Is 214 a factor of 21828?
True
Does 11 divide 177?
False
Is 692 a multiple of 45?
False
Is 156 a factor of 624?
True
Is 360 a multiple of 9?
True
Is 75165 a multiple of 15?
True
Is 1247 a multiple of 43?
True
Is 106 a factor of 4405?
False
Is 37 a factor of 60680?
True
Is 520 a multiple of 31?
False
Is 105 a factor of 1575?
True
Is 2133 a multiple of 10?
False
Is 3610 a multiple of 16?
False
Does 35 divide 4375?
True
Is 38 a factor of 17562?
False
Does 33 divide 6524?
False
Does 47 divide 3971?
False
Is 6824 a multiple of 16?
False
Is 64422 a multiple of 48?
False
Is 2364 a multiple of 20?
False
Does 17 divide 425?
True
Does 5 divide 350?
True
Is 193 a multiple of 13?
False
Is 23 a factor of 8608?
False
Does 130 divide 8634?
False
Does 180 divide 6660?
True
Does 62 divide 372?
True
Is 33 a factor of 16250?
False
Does 54 divide 98997?
False
Is 46 a factor of 31924?
True
Is 1621 a multiple of 15?
False
Does 34 divide 101954?
False
Is 9 a factor of 1008?
True
Is 36631 a multiple of 26?
False
Does 7 divide 33684?
True
Does 111 divide 41292?
True
Is 1100 a multiple of 10?
True
Is 1648 a multiple of 103?
True
Does 2 divide 4095?
False
Is 2176 a multiple of 136?
True
Is 5084 a multiple of 62?
True
Is 16 a factor of 498?
False
Is 6 a factor of 644?
False
Is 2330 a multiple of 29?
False
Is 138 a multiple of 24?
False
Is 16 a factor of 716?
False
Does 12 divide 36218?
False
Is 20 a factor of 23480?
True
Does 72 divide 10528?
False
Is 31 a factor of 46?
False
Does 19 divide 1026?
True
Does 92 divide 35144?
True
Is 20 a factor of 940?
True
Is 7 a factor of 7419?
False
Is 19 a factor of 14377?
False
Is 9 a factor of 3678?
False
Does 9 divide 2305?
False
Is 4 a factor of 364?
True
Is 134 a factor of 779?
False
Does 16 divide 4974?
False
Is 37 a factor of 584?
False
Is 854 a multiple of 14?
True
Is 17 a factor of 31491?
False
Is 101 a factor of 2121?
True
Is 26550 a multiple of 5?
True
Is 9 a factor of 443?
False
Is 7440 a multiple of 48?
True
Is 25 a factor of 1750?
True
Is 12 a factor of 1549?
False
Is 30224 a multiple of 14?
False
Does 29 divide 26506?
True
Is 204 a multiple of 12?
True
Is 51 a factor of 1173?
True
Is 268 a factor of 23916?
False
Is 3444 a multiple of 53?
False
Is 396 a multiple of 86?
False
Does 171 divide 46118?
False
Does 38 divide 80?
False
Does 4 divide 424?
True
Is 90 a factor of 10161?
False
Is 2144 a multiple of 16?
True
Is 155 a multiple of 34?
False
Is 83182 a multiple of 19?
True
Does 35 divide 385?
True
Is 218 a factor of 153668?
False
Is 41850 a multiple of 50?
True
Is 9820 a multiple of 12?
False
Is 310 a multiple of 25?
False
Is 754 a multiple of 26?
True
Does 28 divide 4259?
False
Does 6 divide 7896?
True
Is 14 a factor of 14?
True
Is 61 a factor of 12512?
False
Is 1885 a multiple of 8?
False
Is 423 a multiple of 9?
True
Is 9 a factor of 292?
False
Is 31 a factor of 116?
False
Does 147 divide 4851?
True
Is 672 a multiple of 24?
True
Does 15 divide 270?
True
Is 117734 a multiple of 74?
True
Does 76 divide 47120?
True
Is 63045 a multiple of 45?
True
Does 2 divide 4201?
False
Is 609 a multiple of 7?
True
Is 6 a factor of 20712?
True
Is 4673 a multiple of 2?
False
Is 30 a factor of 540?
True
Does 57 divide 5871?
True
Does 36 divide 540?
True
Is 67 a factor of 758?
False
Is 38 a factor of 20292?
True
Is 63 a factor of 12537?
True
Does 18 divide 5022?
True
Does 61 divide 1174?
False
Is 18 a factor of 23496?
False
Is 24 a factor of 12462?
False
Is 63948 a multiple of 80?
False